{"id":37830,"date":"2024-11-14T17:57:47","date_gmt":"2024-11-14T17:57:47","guid":{"rendered":"https:\/\/spczesniki.pl\/?page_id=37830"},"modified":"2025-06-17T07:46:17","modified_gmt":"2025-06-17T07:46:17","slug":"projekty","status":"publish","type":"page","link":"https:\/\/spczesniki.pl\/index.php\/projekty\/","title":{"rendered":"Projekty"},"content":{"rendered":"<p>Europa i ja&nbsp;<\/p>\n<p><a href=\"https:\/\/spczesniki.pl\/wp-content\/uploads\/2025\/06\/Placwka-IV-edycja-1-1.docx\">Placwka IV edycja (1) (1)<\/a><\/p>\n<p><a href=\"https:\/\/spczesniki.pl\/wp-content\/uploads\/2025\/06\/Koordynator-IV-edycja-1-1-1.docx\">Koordynator IV edycja (1) (1) (1)<\/a><\/p>\n<p>Nasza przygoda z projektem \u201cEuropa i ja \u201c &nbsp;w bie\u017c\u0105cym roku szkolnym dobieg\u0142a ko\u0144ca. Uczniowie zdobyli nowe do\u015bwiadczenia i rozwin\u0119li zainteresowania dotycz\u0105ce wybranego przez nas kraju. Poszerzyli swoja wiedz\u0119 na temat Niemiec, poznali jego kultur\u0119, tradycje, zabytki, stolic\u0119, ciekawe miejsca, uczyli si\u0119 przez zabaw\u0119. Du\u017c\u0105 frajd\u0105 dla dzieci by\u0142y zaj\u0119cia kulinarne, zrobi\u0142y prost\u0105, tradycyjn\u0105 i syc\u0105c\u0105 sa\u0142atk\u0119 ziemniaczan\u0105- Kartoffelsalat kt\u00f3ra bardzo im smakowa\u0142a. Stworzyli s\u0142ownik obrazkowy o ro\u015blinach i zwierz\u0119tach dzi\u0119ki czemu szybciej i lepiej zapami\u0119tali nowe s\u0142\u00f3wka, nauczyli si\u0119 liczy\u0107 po niemiecku. Na koniec wsp\u00f3lnie obejrzeli\u015bmy i om\u00f3wili\u015bmy prezentacj\u0119 o najwi\u0119kszych atrakcjach oraz najpi\u0119kniejszych miejscach w Niemczech kt\u00f3re warto zobaczy\u0107. Realizacja tego projektu pobudzi\u0142a ciekawo\u015b\u0107 i kreatywno\u015b\u0107 uczni\u00f3w, pracowali z wielkim zaanga\u017cowaniem, a przy tym towarzyszy\u0142a im dobra zabawa oraz integracja grupy \u015bwietlicowej.<\/p>\n<p><img fetchpriority=\"high\" decoding=\"async\" class=\"size-medium wp-image-45132 alignleft\" src=\"https:\/\/spczesniki.pl\/wp-content\/uploads\/2025\/05\/0e66503b-d3ba-4590-bb3d-7f68c343085a-225x300.jpeg\" alt=\"\" width=\"225\" height=\"300\" srcset=\"https:\/\/spczesniki.pl\/wp-content\/uploads\/2025\/05\/0e66503b-d3ba-4590-bb3d-7f68c343085a-225x300.jpeg 225w, https:\/\/spczesniki.pl\/wp-content\/uploads\/2025\/05\/0e66503b-d3ba-4590-bb3d-7f68c343085a-768x1024.jpeg 768w, https:\/\/spczesniki.pl\/wp-content\/uploads\/2025\/05\/0e66503b-d3ba-4590-bb3d-7f68c343085a-1152x1536.jpeg 1152w, https:\/\/spczesniki.pl\/wp-content\/uploads\/2025\/05\/0e66503b-d3ba-4590-bb3d-7f68c343085a.jpeg 1536w\" sizes=\"(max-width: 225px) 100vw, 225px\" \/> <img decoding=\"async\" class=\"size-medium wp-image-45134 alignleft\" src=\"https:\/\/spczesniki.pl\/wp-content\/uploads\/2025\/05\/5448f233-c507-4cfd-9f24-7f5b9d3144ca-225x300.jpeg\" alt=\"\" width=\"225\" height=\"300\" srcset=\"https:\/\/spczesniki.pl\/wp-content\/uploads\/2025\/05\/5448f233-c507-4cfd-9f24-7f5b9d3144ca-225x300.jpeg 225w, https:\/\/spczesniki.pl\/wp-content\/uploads\/2025\/05\/5448f233-c507-4cfd-9f24-7f5b9d3144ca-768x1024.jpeg 768w, https:\/\/spczesniki.pl\/wp-content\/uploads\/2025\/05\/5448f233-c507-4cfd-9f24-7f5b9d3144ca-1152x1536.jpeg 1152w, https:\/\/spczesniki.pl\/wp-content\/uploads\/2025\/05\/5448f233-c507-4cfd-9f24-7f5b9d3144ca.jpeg 1536w\" sizes=\"(max-width: 225px) 100vw, 225px\" \/> <img decoding=\"async\" class=\"size-medium wp-image-45135 alignleft\" src=\"https:\/\/spczesniki.pl\/wp-content\/uploads\/2025\/05\/1714113a-ef5a-4898-a9f3-bbfc88aa18a0-225x300.jpeg\" alt=\"\" width=\"225\" height=\"300\" srcset=\"https:\/\/spczesniki.pl\/wp-content\/uploads\/2025\/05\/1714113a-ef5a-4898-a9f3-bbfc88aa18a0-225x300.jpeg 225w, https:\/\/spczesniki.pl\/wp-content\/uploads\/2025\/05\/1714113a-ef5a-4898-a9f3-bbfc88aa18a0-768x1024.jpeg 768w, https:\/\/spczesniki.pl\/wp-content\/uploads\/2025\/05\/1714113a-ef5a-4898-a9f3-bbfc88aa18a0-1152x1536.jpeg 1152w, https:\/\/spczesniki.pl\/wp-content\/uploads\/2025\/05\/1714113a-ef5a-4898-a9f3-bbfc88aa18a0.jpeg 1536w\" sizes=\"(max-width: 225px) 100vw, 225px\" \/> <img loading=\"lazy\" decoding=\"async\" class=\"size-medium wp-image-45136 alignleft\" src=\"https:\/\/spczesniki.pl\/wp-content\/uploads\/2025\/05\/af154e71-346b-46a9-8d6b-a5c3f59cab72-225x300.jpeg\" alt=\"\" width=\"225\" height=\"300\" srcset=\"https:\/\/spczesniki.pl\/wp-content\/uploads\/2025\/05\/af154e71-346b-46a9-8d6b-a5c3f59cab72-225x300.jpeg 225w, https:\/\/spczesniki.pl\/wp-content\/uploads\/2025\/05\/af154e71-346b-46a9-8d6b-a5c3f59cab72-768x1024.jpeg 768w, https:\/\/spczesniki.pl\/wp-content\/uploads\/2025\/05\/af154e71-346b-46a9-8d6b-a5c3f59cab72-1152x1536.jpeg 1152w, https:\/\/spczesniki.pl\/wp-content\/uploads\/2025\/05\/af154e71-346b-46a9-8d6b-a5c3f59cab72.jpeg 1536w\" sizes=\"(max-width: 225px) 100vw, 225px\" \/> <img loading=\"lazy\" decoding=\"async\" class=\"size-medium wp-image-45137 alignleft\" src=\"https:\/\/spczesniki.pl\/wp-content\/uploads\/2025\/05\/b1f83e8e-ab25-482d-80fe-c5d3635b683e-225x300.jpeg\" alt=\"\" width=\"225\" height=\"300\" srcset=\"https:\/\/spczesniki.pl\/wp-content\/uploads\/2025\/05\/b1f83e8e-ab25-482d-80fe-c5d3635b683e-225x300.jpeg 225w, https:\/\/spczesniki.pl\/wp-content\/uploads\/2025\/05\/b1f83e8e-ab25-482d-80fe-c5d3635b683e-768x1024.jpeg 768w, https:\/\/spczesniki.pl\/wp-content\/uploads\/2025\/05\/b1f83e8e-ab25-482d-80fe-c5d3635b683e-1152x1536.jpeg 1152w, https:\/\/spczesniki.pl\/wp-content\/uploads\/2025\/05\/b1f83e8e-ab25-482d-80fe-c5d3635b683e.jpeg 1536w\" sizes=\"(max-width: 225px) 100vw, 225px\" \/> <img loading=\"lazy\" decoding=\"async\" class=\"size-medium wp-image-45138 alignleft\" src=\"https:\/\/spczesniki.pl\/wp-content\/uploads\/2025\/05\/b87168db-c0c3-45b6-97b5-0b3d63a82a39-225x300.jpeg\" alt=\"\" width=\"225\" height=\"300\" srcset=\"https:\/\/spczesniki.pl\/wp-content\/uploads\/2025\/05\/b87168db-c0c3-45b6-97b5-0b3d63a82a39-225x300.jpeg 225w, https:\/\/spczesniki.pl\/wp-content\/uploads\/2025\/05\/b87168db-c0c3-45b6-97b5-0b3d63a82a39-768x1024.jpeg 768w, https:\/\/spczesniki.pl\/wp-content\/uploads\/2025\/05\/b87168db-c0c3-45b6-97b5-0b3d63a82a39-1152x1536.jpeg 1152w, https:\/\/spczesniki.pl\/wp-content\/uploads\/2025\/05\/b87168db-c0c3-45b6-97b5-0b3d63a82a39.jpeg 1536w\" sizes=\"(max-width: 225px) 100vw, 225px\" \/> <img loading=\"lazy\" decoding=\"async\" class=\"size-medium wp-image-45139 alignleft\" src=\"https:\/\/spczesniki.pl\/wp-content\/uploads\/2025\/05\/d9f5b6c3-6f4c-4d75-b7df-603ab3cd9454-225x300.jpeg\" alt=\"\" width=\"225\" height=\"300\" srcset=\"https:\/\/spczesniki.pl\/wp-content\/uploads\/2025\/05\/d9f5b6c3-6f4c-4d75-b7df-603ab3cd9454-225x300.jpeg 225w, https:\/\/spczesniki.pl\/wp-content\/uploads\/2025\/05\/d9f5b6c3-6f4c-4d75-b7df-603ab3cd9454-768x1024.jpeg 768w, https:\/\/spczesniki.pl\/wp-content\/uploads\/2025\/05\/d9f5b6c3-6f4c-4d75-b7df-603ab3cd9454-1152x1536.jpeg 1152w, https:\/\/spczesniki.pl\/wp-content\/uploads\/2025\/05\/d9f5b6c3-6f4c-4d75-b7df-603ab3cd9454.jpeg 1536w\" sizes=\"(max-width: 225px) 100vw, 225px\" \/> <img loading=\"lazy\" decoding=\"async\" class=\"size-medium wp-image-45140 alignleft\" src=\"https:\/\/spczesniki.pl\/wp-content\/uploads\/2025\/05\/db800eac-0283-4a17-9555-9f0e9d549254-225x300.jpeg\" alt=\"\" width=\"225\" height=\"300\" srcset=\"https:\/\/spczesniki.pl\/wp-content\/uploads\/2025\/05\/db800eac-0283-4a17-9555-9f0e9d549254-225x300.jpeg 225w, https:\/\/spczesniki.pl\/wp-content\/uploads\/2025\/05\/db800eac-0283-4a17-9555-9f0e9d549254-768x1024.jpeg 768w, https:\/\/spczesniki.pl\/wp-content\/uploads\/2025\/05\/db800eac-0283-4a17-9555-9f0e9d549254-1152x1536.jpeg 1152w, https:\/\/spczesniki.pl\/wp-content\/uploads\/2025\/05\/db800eac-0283-4a17-9555-9f0e9d549254.jpeg 1536w\" sizes=\"(max-width: 225px) 100vw, 225px\" \/><\/p>\n<p><img loading=\"lazy\" decoding=\"async\" class=\"size-medium wp-image-45025 alignleft\" src=\"https:\/\/spczesniki.pl\/wp-content\/uploads\/2025\/03\/486130287_1024942302823214_1403432557797718186_n-300x225.jpg\" alt=\"\" width=\"300\" height=\"225\" srcset=\"https:\/\/spczesniki.pl\/wp-content\/uploads\/2025\/03\/486130287_1024942302823214_1403432557797718186_n-300x225.jpg 300w, https:\/\/spczesniki.pl\/wp-content\/uploads\/2025\/03\/486130287_1024942302823214_1403432557797718186_n-1024x768.jpg 1024w, https:\/\/spczesniki.pl\/wp-content\/uploads\/2025\/03\/486130287_1024942302823214_1403432557797718186_n-768x576.jpg 768w, https:\/\/spczesniki.pl\/wp-content\/uploads\/2025\/03\/486130287_1024942302823214_1403432557797718186_n-1536x1152.jpg 1536w, https:\/\/spczesniki.pl\/wp-content\/uploads\/2025\/03\/486130287_1024942302823214_1403432557797718186_n.jpg 2048w\" sizes=\"(max-width: 300px) 100vw, 300px\" \/><img loading=\"lazy\" decoding=\"async\" class=\"size-medium wp-image-45023 alignleft\" src=\"https:\/\/spczesniki.pl\/wp-content\/uploads\/2025\/03\/485854960_1278613773237224_257594808066190518_n-300x225.jpg\" alt=\"\" width=\"300\" height=\"225\" srcset=\"https:\/\/spczesniki.pl\/wp-content\/uploads\/2025\/03\/485854960_1278613773237224_257594808066190518_n-300x225.jpg 300w, https:\/\/spczesniki.pl\/wp-content\/uploads\/2025\/03\/485854960_1278613773237224_257594808066190518_n-1024x768.jpg 1024w, https:\/\/spczesniki.pl\/wp-content\/uploads\/2025\/03\/485854960_1278613773237224_257594808066190518_n-768x576.jpg 768w, https:\/\/spczesniki.pl\/wp-content\/uploads\/2025\/03\/485854960_1278613773237224_257594808066190518_n-1536x1152.jpg 1536w, https:\/\/spczesniki.pl\/wp-content\/uploads\/2025\/03\/485854960_1278613773237224_257594808066190518_n.jpg 2048w\" sizes=\"(max-width: 300px) 100vw, 300px\" \/><\/p>\n<p>&nbsp;<\/p>\n<p><img loading=\"lazy\" decoding=\"async\" class=\" wp-image-45024 alignleft\" src=\"https:\/\/spczesniki.pl\/wp-content\/uploads\/2025\/03\/485991162_675328771694151_6229887580350306007_n-300x225.jpg\" alt=\"\" width=\"313\" height=\"235\" srcset=\"https:\/\/spczesniki.pl\/wp-content\/uploads\/2025\/03\/485991162_675328771694151_6229887580350306007_n-300x225.jpg 300w, https:\/\/spczesniki.pl\/wp-content\/uploads\/2025\/03\/485991162_675328771694151_6229887580350306007_n-1024x768.jpg 1024w, https:\/\/spczesniki.pl\/wp-content\/uploads\/2025\/03\/485991162_675328771694151_6229887580350306007_n-768x576.jpg 768w, https:\/\/spczesniki.pl\/wp-content\/uploads\/2025\/03\/485991162_675328771694151_6229887580350306007_n-1536x1152.jpg 1536w, https:\/\/spczesniki.pl\/wp-content\/uploads\/2025\/03\/485991162_675328771694151_6229887580350306007_n.jpg 2048w\" sizes=\"(max-width: 313px) 100vw, 313px\" \/><img loading=\"lazy\" decoding=\"async\" class=\"size-medium wp-image-45141 alignleft\" src=\"https:\/\/spczesniki.pl\/wp-content\/uploads\/2025\/05\/dca389d3-5a27-409e-92f0-fd21d69558d1-225x300.jpeg\" alt=\"\" width=\"225\" height=\"300\" srcset=\"https:\/\/spczesniki.pl\/wp-content\/uploads\/2025\/05\/dca389d3-5a27-409e-92f0-fd21d69558d1-225x300.jpeg 225w, https:\/\/spczesniki.pl\/wp-content\/uploads\/2025\/05\/dca389d3-5a27-409e-92f0-fd21d69558d1-768x1024.jpeg 768w, https:\/\/spczesniki.pl\/wp-content\/uploads\/2025\/05\/dca389d3-5a27-409e-92f0-fd21d69558d1-1152x1536.jpeg 1152w, https:\/\/spczesniki.pl\/wp-content\/uploads\/2025\/05\/dca389d3-5a27-409e-92f0-fd21d69558d1.jpeg 1536w\" sizes=\"(max-width: 225px) 100vw, 225px\" \/><img loading=\"lazy\" decoding=\"async\" class=\"size-medium wp-image-45027 alignleft\" src=\"https:\/\/spczesniki.pl\/wp-content\/uploads\/2025\/03\/486211231_666199589433458_3207649686987913006_n-225x300.jpg\" alt=\"\" width=\"225\" height=\"300\" srcset=\"https:\/\/spczesniki.pl\/wp-content\/uploads\/2025\/03\/486211231_666199589433458_3207649686987913006_n-225x300.jpg 225w, https:\/\/spczesniki.pl\/wp-content\/uploads\/2025\/03\/486211231_666199589433458_3207649686987913006_n-768x1024.jpg 768w, https:\/\/spczesniki.pl\/wp-content\/uploads\/2025\/03\/486211231_666199589433458_3207649686987913006_n-1152x1536.jpg 1152w, https:\/\/spczesniki.pl\/wp-content\/uploads\/2025\/03\/486211231_666199589433458_3207649686987913006_n.jpg 1536w\" sizes=\"(max-width: 225px) 100vw, 225px\" \/> <img loading=\"lazy\" decoding=\"async\" class=\"size-medium wp-image-45028 alignleft\" src=\"https:\/\/spczesniki.pl\/wp-content\/uploads\/2025\/03\/486414959_1845319092954145_7481861577880475780_n-225x300.jpg\" alt=\"\" width=\"225\" height=\"300\" srcset=\"https:\/\/spczesniki.pl\/wp-content\/uploads\/2025\/03\/486414959_1845319092954145_7481861577880475780_n-225x300.jpg 225w, https:\/\/spczesniki.pl\/wp-content\/uploads\/2025\/03\/486414959_1845319092954145_7481861577880475780_n-768x1024.jpg 768w, https:\/\/spczesniki.pl\/wp-content\/uploads\/2025\/03\/486414959_1845319092954145_7481861577880475780_n-1152x1536.jpg 1152w, https:\/\/spczesniki.pl\/wp-content\/uploads\/2025\/03\/486414959_1845319092954145_7481861577880475780_n.jpg 1536w\" sizes=\"(max-width: 225px) 100vw, 225px\" \/> <img loading=\"lazy\" decoding=\"async\" class=\"size-medium wp-image-45029 alignleft\" src=\"https:\/\/spczesniki.pl\/wp-content\/uploads\/2025\/03\/486567875_1728627114757610_9041529052569040081_n-225x300.jpg\" alt=\"\" width=\"225\" height=\"300\" srcset=\"https:\/\/spczesniki.pl\/wp-content\/uploads\/2025\/03\/486567875_1728627114757610_9041529052569040081_n-225x300.jpg 225w, https:\/\/spczesniki.pl\/wp-content\/uploads\/2025\/03\/486567875_1728627114757610_9041529052569040081_n-768x1024.jpg 768w, https:\/\/spczesniki.pl\/wp-content\/uploads\/2025\/03\/486567875_1728627114757610_9041529052569040081_n-1152x1536.jpg 1152w, https:\/\/spczesniki.pl\/wp-content\/uploads\/2025\/03\/486567875_1728627114757610_9041529052569040081_n.jpg 1536w\" sizes=\"(max-width: 225px) 100vw, 225px\" \/> &nbsp;<\/p>\n<p>&nbsp;<\/p>\n<p>&nbsp;<\/p>\n<p>&nbsp;<\/p>\n<p>&nbsp;<\/p>\n<p>&nbsp;<\/p>\n<p>&nbsp;<\/p>\n<p>&nbsp;<\/p>\n<p>&nbsp;<\/p>\n<p>&nbsp;<\/p>\n<p>&nbsp;<\/p>\n<p>&nbsp;<\/p>\n<p>&nbsp;<\/p>\n<p>&nbsp;<\/p>\n<p>&nbsp;<\/p>\n<p>&nbsp;<\/p>\n<p>&nbsp;<\/p>\n<p>&nbsp;<\/p>\n<p>&nbsp;<\/p>\n<p>&nbsp;<\/p>\n<p>&nbsp;<\/p>\n<p>&nbsp;<\/p>\n<p>&nbsp;<\/p>\n<p>&nbsp;<\/p>\n<p>&nbsp;<\/p>\n<p>&nbsp;<\/p>\n<p>&nbsp;<\/p>\n<p>&nbsp;<\/p>\n<p>&nbsp;<\/p>\n<p>Uczniowie \u015bwietlicy w naszej szkole w ramach realizacji Og\u00f3lnopolskiego Projektu Edukacyjnego \u201eEuropa i ja\u201d poszerzali swoj\u0105 wiedz\u0119 na temat Niemiec. Na pocz\u0105tek poznali symbole narodowe: flag\u0119, god\u0142o, wys\u0142uchali hymnu, przyjrzeli si\u0119 mapie Niemiec, sprawdzili jakich maj\u0105 s\u0105siad\u00f3w. Nast\u0119pnie samodzielnie wykonali wy\u017cej wymienione symbole.<\/p>\n<p>Na kolejnych zaj\u0119ciach przenie\u015bli si\u0119 w magiczny \u015bwiat ba\u015bni braci Grimm. Wszyscy obejrzeli ba\u015b\u0144: \u201ePani Zamie\u0107\u201d (Frau Holle), rozpoznawali r\u00f3\u017cne ba\u015bnie po przeczytanych fragmentach oraz wykonali szereg zada\u0144, np. \u0142\u0105cz\u0105c polskie i niemieckie tytu\u0142y ba\u015bni lub ilustracje rekwizyt\u00f3w z tytu\u0142ami. &nbsp;Wszyscy pracowali w mi\u0142ej atmosferze i z du\u017cym zaanga\u017cowaniem.<\/p>\n<p><img loading=\"lazy\" decoding=\"async\" class=\"size-medium wp-image-37936 alignleft\" src=\"https:\/\/spczesniki.pl\/wp-content\/uploads\/2024\/12\/462651874_552573847682036_6996117338889185035_n-225x300.jpg\" alt=\"\" width=\"225\" height=\"300\" srcset=\"https:\/\/spczesniki.pl\/wp-content\/uploads\/2024\/12\/462651874_552573847682036_6996117338889185035_n-225x300.jpg 225w, https:\/\/spczesniki.pl\/wp-content\/uploads\/2024\/12\/462651874_552573847682036_6996117338889185035_n-768x1024.jpg 768w, https:\/\/spczesniki.pl\/wp-content\/uploads\/2024\/12\/462651874_552573847682036_6996117338889185035_n-1152x1536.jpg 1152w, https:\/\/spczesniki.pl\/wp-content\/uploads\/2024\/12\/462651874_552573847682036_6996117338889185035_n.jpg 1536w\" sizes=\"(max-width: 225px) 100vw, 225px\" \/><\/p>\n<p><img loading=\"lazy\" decoding=\"async\" class=\"size-medium wp-image-37935 alignleft\" src=\"https:\/\/spczesniki.pl\/wp-content\/uploads\/2024\/12\/462650018_1092197428807541_5800203132927903125_n-225x300.jpg\" alt=\"\" width=\"225\" height=\"300\" srcset=\"https:\/\/spczesniki.pl\/wp-content\/uploads\/2024\/12\/462650018_1092197428807541_5800203132927903125_n-225x300.jpg 225w, https:\/\/spczesniki.pl\/wp-content\/uploads\/2024\/12\/462650018_1092197428807541_5800203132927903125_n-768x1024.jpg 768w, https:\/\/spczesniki.pl\/wp-content\/uploads\/2024\/12\/462650018_1092197428807541_5800203132927903125_n-1152x1536.jpg 1152w, https:\/\/spczesniki.pl\/wp-content\/uploads\/2024\/12\/462650018_1092197428807541_5800203132927903125_n.jpg 1536w\" sizes=\"(max-width: 225px) 100vw, 225px\" \/><img loading=\"lazy\" decoding=\"async\" class=\"size-medium wp-image-37934 alignleft\" src=\"https:\/\/spczesniki.pl\/wp-content\/uploads\/2024\/12\/462648476_597456472715056_8623119745175574851_n-225x300.jpg\" alt=\"\" width=\"225\" height=\"300\" srcset=\"https:\/\/spczesniki.pl\/wp-content\/uploads\/2024\/12\/462648476_597456472715056_8623119745175574851_n-225x300.jpg 225w, https:\/\/spczesniki.pl\/wp-content\/uploads\/2024\/12\/462648476_597456472715056_8623119745175574851_n-768x1024.jpg 768w, https:\/\/spczesniki.pl\/wp-content\/uploads\/2024\/12\/462648476_597456472715056_8623119745175574851_n-1152x1536.jpg 1152w, https:\/\/spczesniki.pl\/wp-content\/uploads\/2024\/12\/462648476_597456472715056_8623119745175574851_n.jpg 1536w\" sizes=\"(max-width: 225px) 100vw, 225px\" \/><img loading=\"lazy\" decoding=\"async\" class=\"size-medium wp-image-37933 alignleft\" src=\"https:\/\/spczesniki.pl\/wp-content\/uploads\/2024\/12\/462581901_473666112425103_1400640378937369460_n-1-225x300.jpg\" alt=\"\" width=\"225\" height=\"300\" srcset=\"https:\/\/spczesniki.pl\/wp-content\/uploads\/2024\/12\/462581901_473666112425103_1400640378937369460_n-1-225x300.jpg 225w, https:\/\/spczesniki.pl\/wp-content\/uploads\/2024\/12\/462581901_473666112425103_1400640378937369460_n-1-768x1024.jpg 768w, https:\/\/spczesniki.pl\/wp-content\/uploads\/2024\/12\/462581901_473666112425103_1400640378937369460_n-1-1152x1536.jpg 1152w, https:\/\/spczesniki.pl\/wp-content\/uploads\/2024\/12\/462581901_473666112425103_1400640378937369460_n-1.jpg 1536w\" sizes=\"(max-width: 225px) 100vw, 225px\" \/><img loading=\"lazy\" decoding=\"async\" class=\"size-medium wp-image-37932 alignleft\" src=\"https:\/\/spczesniki.pl\/wp-content\/uploads\/2024\/12\/462578460_1116523113382646_7712788053548875953_n-1-225x300.jpg\" alt=\"\" width=\"225\" height=\"300\" srcset=\"https:\/\/spczesniki.pl\/wp-content\/uploads\/2024\/12\/462578460_1116523113382646_7712788053548875953_n-1-225x300.jpg 225w, https:\/\/spczesniki.pl\/wp-content\/uploads\/2024\/12\/462578460_1116523113382646_7712788053548875953_n-1-768x1024.jpg 768w, https:\/\/spczesniki.pl\/wp-content\/uploads\/2024\/12\/462578460_1116523113382646_7712788053548875953_n-1-1152x1536.jpg 1152w, https:\/\/spczesniki.pl\/wp-content\/uploads\/2024\/12\/462578460_1116523113382646_7712788053548875953_n-1.jpg 1536w\" sizes=\"(max-width: 225px) 100vw, 225px\" \/><img loading=\"lazy\" decoding=\"async\" class=\"size-medium wp-image-37931 alignleft\" src=\"https:\/\/spczesniki.pl\/wp-content\/uploads\/2024\/12\/462578047_1130595831873235_7023872089278075152_n-1-225x300.jpg\" alt=\"\" width=\"225\" height=\"300\" srcset=\"https:\/\/spczesniki.pl\/wp-content\/uploads\/2024\/12\/462578047_1130595831873235_7023872089278075152_n-1-225x300.jpg 225w, https:\/\/spczesniki.pl\/wp-content\/uploads\/2024\/12\/462578047_1130595831873235_7023872089278075152_n-1-768x1024.jpg 768w, https:\/\/spczesniki.pl\/wp-content\/uploads\/2024\/12\/462578047_1130595831873235_7023872089278075152_n-1-1152x1536.jpg 1152w, https:\/\/spczesniki.pl\/wp-content\/uploads\/2024\/12\/462578047_1130595831873235_7023872089278075152_n-1.jpg 1536w\" sizes=\"(max-width: 225px) 100vw, 225px\" \/><img loading=\"lazy\" decoding=\"async\" class=\"size-medium wp-image-37930 alignleft\" src=\"https:\/\/spczesniki.pl\/wp-content\/uploads\/2024\/12\/462638689_2076514286137275_4040633907966929108_n-225x300.jpg\" alt=\"\" width=\"225\" height=\"300\" srcset=\"https:\/\/spczesniki.pl\/wp-content\/uploads\/2024\/12\/462638689_2076514286137275_4040633907966929108_n-225x300.jpg 225w, https:\/\/spczesniki.pl\/wp-content\/uploads\/2024\/12\/462638689_2076514286137275_4040633907966929108_n-768x1024.jpg 768w, https:\/\/spczesniki.pl\/wp-content\/uploads\/2024\/12\/462638689_2076514286137275_4040633907966929108_n-1152x1536.jpg 1152w, https:\/\/spczesniki.pl\/wp-content\/uploads\/2024\/12\/462638689_2076514286137275_4040633907966929108_n.jpg 1536w\" sizes=\"(max-width: 225px) 100vw, 225px\" \/><img loading=\"lazy\" decoding=\"async\" class=\"size-medium wp-image-37929 alignleft\" src=\"https:\/\/spczesniki.pl\/wp-content\/uploads\/2024\/12\/462586227_1100650888186312_8842264022523558659_n-225x300.jpg\" alt=\"\" width=\"225\" height=\"300\" srcset=\"https:\/\/spczesniki.pl\/wp-content\/uploads\/2024\/12\/462586227_1100650888186312_8842264022523558659_n-225x300.jpg 225w, https:\/\/spczesniki.pl\/wp-content\/uploads\/2024\/12\/462586227_1100650888186312_8842264022523558659_n-768x1024.jpg 768w, https:\/\/spczesniki.pl\/wp-content\/uploads\/2024\/12\/462586227_1100650888186312_8842264022523558659_n-1152x1536.jpg 1152w, https:\/\/spczesniki.pl\/wp-content\/uploads\/2024\/12\/462586227_1100650888186312_8842264022523558659_n.jpg 1536w\" sizes=\"(max-width: 225px) 100vw, 225px\" \/><img loading=\"lazy\" decoding=\"async\" class=\" wp-image-37925 alignleft\" src=\"https:\/\/spczesniki.pl\/wp-content\/uploads\/2024\/12\/462578037_532481226455184_8614867751587161118_n-225x300.jpg\" alt=\"\" width=\"198\" height=\"264\" srcset=\"https:\/\/spczesniki.pl\/wp-content\/uploads\/2024\/12\/462578037_532481226455184_8614867751587161118_n-225x300.jpg 225w, https:\/\/spczesniki.pl\/wp-content\/uploads\/2024\/12\/462578037_532481226455184_8614867751587161118_n-768x1024.jpg 768w, https:\/\/spczesniki.pl\/wp-content\/uploads\/2024\/12\/462578037_532481226455184_8614867751587161118_n-1152x1536.jpg 1152w, https:\/\/spczesniki.pl\/wp-content\/uploads\/2024\/12\/462578037_532481226455184_8614867751587161118_n.jpg 1536w\" sizes=\"(max-width: 198px) 100vw, 198px\" \/><img loading=\"lazy\" decoding=\"async\" class=\" wp-image-37924 alignleft\" src=\"https:\/\/spczesniki.pl\/wp-content\/uploads\/2024\/12\/462574950_598025925919933_6916991469256805920_n-300x225.jpg\" alt=\"\" width=\"268\" height=\"201\" srcset=\"https:\/\/spczesniki.pl\/wp-content\/uploads\/2024\/12\/462574950_598025925919933_6916991469256805920_n-300x225.jpg 300w, https:\/\/spczesniki.pl\/wp-content\/uploads\/2024\/12\/462574950_598025925919933_6916991469256805920_n-1024x768.jpg 1024w, https:\/\/spczesniki.pl\/wp-content\/uploads\/2024\/12\/462574950_598025925919933_6916991469256805920_n-768x576.jpg 768w, https:\/\/spczesniki.pl\/wp-content\/uploads\/2024\/12\/462574950_598025925919933_6916991469256805920_n-1536x1152.jpg 1536w, https:\/\/spczesniki.pl\/wp-content\/uploads\/2024\/12\/462574950_598025925919933_6916991469256805920_n.jpg 2048w\" sizes=\"(max-width: 268px) 100vw, 268px\" \/><img loading=\"lazy\" decoding=\"async\" class=\" wp-image-37923 alignleft\" src=\"https:\/\/spczesniki.pl\/wp-content\/uploads\/2024\/12\/462567694_1759965671506615_4349146292214735460_n-225x300.jpg\" alt=\"\" width=\"203\" height=\"270\" srcset=\"https:\/\/spczesniki.pl\/wp-content\/uploads\/2024\/12\/462567694_1759965671506615_4349146292214735460_n-225x300.jpg 225w, https:\/\/spczesniki.pl\/wp-content\/uploads\/2024\/12\/462567694_1759965671506615_4349146292214735460_n-768x1024.jpg 768w, https:\/\/spczesniki.pl\/wp-content\/uploads\/2024\/12\/462567694_1759965671506615_4349146292214735460_n-1152x1536.jpg 1152w, https:\/\/spczesniki.pl\/wp-content\/uploads\/2024\/12\/462567694_1759965671506615_4349146292214735460_n.jpg 1536w\" sizes=\"(max-width: 203px) 100vw, 203px\" \/><img loading=\"lazy\" decoding=\"async\" class=\" wp-image-37922 alignleft\" src=\"https:\/\/spczesniki.pl\/wp-content\/uploads\/2024\/12\/462567623_567140662692455_7393847508052627732_n-225x300.jpg\" alt=\"\" width=\"205\" height=\"273\" srcset=\"https:\/\/spczesniki.pl\/wp-content\/uploads\/2024\/12\/462567623_567140662692455_7393847508052627732_n-225x300.jpg 225w, https:\/\/spczesniki.pl\/wp-content\/uploads\/2024\/12\/462567623_567140662692455_7393847508052627732_n-768x1024.jpg 768w, https:\/\/spczesniki.pl\/wp-content\/uploads\/2024\/12\/462567623_567140662692455_7393847508052627732_n-1152x1536.jpg 1152w, https:\/\/spczesniki.pl\/wp-content\/uploads\/2024\/12\/462567623_567140662692455_7393847508052627732_n.jpg 1536w\" sizes=\"(max-width: 205px) 100vw, 205px\" \/><img loading=\"lazy\" decoding=\"async\" class=\"aligncenter wp-image-37842 size-large\" src=\"https:\/\/spczesniki.pl\/wp-content\/uploads\/2024\/11\/projekt-1-1024x819.jpg\" alt=\"\" width=\"1024\" height=\"819\" srcset=\"https:\/\/spczesniki.pl\/wp-content\/uploads\/2024\/11\/projekt-1-1024x819.jpg 1024w, https:\/\/spczesniki.pl\/wp-content\/uploads\/2024\/11\/projekt-1-300x240.jpg 300w, https:\/\/spczesniki.pl\/wp-content\/uploads\/2024\/11\/projekt-1-768x614.jpg 768w, https:\/\/spczesniki.pl\/wp-content\/uploads\/2024\/11\/projekt-1-1536x1228.jpg 1536w, https:\/\/spczesniki.pl\/wp-content\/uploads\/2024\/11\/projekt-1-2048x1638.jpg 2048w\" sizes=\"(max-width: 1024px) 100vw, 1024px\" \/><\/p>\n","protected":false},"excerpt":{"rendered":"<p>Europa i ja&nbsp; Placwka IV edycja (1) (1) Koordynator IV edycja (1) (1) (1) Nasza przygoda z projektem \u201cEuropa i ja \u201c &nbsp;w bie\u017c\u0105cym roku szkolnym dobieg\u0142a ko\u0144ca. Uczniowie zdobyli nowe do\u015bwiadczenia i rozwin\u0119li zainteresowania dotycz\u0105ce wybranego przez nas kraju. Poszerzyli swoja wiedz\u0119 na temat Niemiec, poznali jego kultur\u0119, tradycje, [&hellip;]<\/p>\n","protected":false},"author":2,"featured_media":0,"parent":0,"menu_order":0,"comment_status":"closed","ping_status":"closed","template":"","meta":{"ngg_post_thumbnail":0,"footnotes":""},"class_list":["post-37830","page","type-page","status-publish","hentry"],"_links":{"self":[{"href":"https:\/\/spczesniki.pl\/index.php\/wp-json\/wp\/v2\/pages\/37830","targetHints":{"allow":["GET"]}}],"collection":[{"href":"https:\/\/spczesniki.pl\/index.php\/wp-json\/wp\/v2\/pages"}],"about":[{"href":"https:\/\/spczesniki.pl\/index.php\/wp-json\/wp\/v2\/types\/page"}],"author":[{"embeddable":true,"href":"https:\/\/spczesniki.pl\/index.php\/wp-json\/wp\/v2\/users\/2"}],"replies":[{"embeddable":true,"href":"https:\/\/spczesniki.pl\/index.php\/wp-json\/wp\/v2\/comments?post=37830"}],"version-history":[{"count":10,"href":"https:\/\/spczesniki.pl\/index.php\/wp-json\/wp\/v2\/pages\/37830\/revisions"}],"predecessor-version":[{"id":45280,"href":"https:\/\/spczesniki.pl\/index.php\/wp-json\/wp\/v2\/pages\/37830\/revisions\/45280"}],"wp:attachment":[{"href":"https:\/\/spczesniki.pl\/index.php\/wp-json\/wp\/v2\/media?parent=37830"}],"curies":[{"name":"wp","href":"https:\/\/api.w.org\/{rel}","templated":true}]}}