{"id":2094,"date":"2022-03-26T08:44:21","date_gmt":"2022-03-26T08:44:21","guid":{"rendered":"https:\/\/spczesniki.pl\/?page_id=2094"},"modified":"2025-05-09T08:14:49","modified_gmt":"2025-05-09T08:14:49","slug":"oddzial-3-4-latki","status":"publish","type":"page","link":"https:\/\/spczesniki.pl\/index.php\/oddzial-3-4-latki\/","title":{"rendered":"Oddzia\u0142 3-4 latki"},"content":{"rendered":"<p><strong>Lista dzieci przyj\u0119tych do oddzia\u0142u przedszkolnego w roku szkolnym 2025\/2026<\/strong><\/p>\n<p class=\"Standard\">1. Borys Dominik<\/p>\n<p class=\"Standard\">2. Darkowski Franciszek Micha\u0142<\/p>\n<p class=\"Standard\">3. Dziubi\u0144ska Wiktoria<\/p>\n<p class=\"Standard\">4. Ho\u0142ys Lena<\/p>\n<p class=\"Standard\">5. Lejb-Skrzy\u0144ski Antoni<\/p>\n<p class=\"Standard\">6. Matuszak Magdalena<\/p>\n<p class=\"Standard\">7. Ochniowski Mateusz<\/p>\n<p class=\"Standard\">8. Pastuszak Hanna<\/p>\n<p class=\"Standard\">9. Rawska Kornelia<\/p>\n<p class=\"Standard\">10. Sak Julia<\/p>\n<p class=\"Standard\">11. Kozyra Bart\u0142omiej<\/p>\n<p>&nbsp;<\/p>\n<p>&nbsp;<\/p>\n","protected":false},"excerpt":{"rendered":"<p>Lista dzieci przyj\u0119tych do oddzia\u0142u przedszkolnego w roku szkolnym 2025\/2026 1. Borys Dominik 2. Darkowski Franciszek Micha\u0142 3. Dziubi\u0144ska Wiktoria 4. Ho\u0142ys Lena 5. Lejb-Skrzy\u0144ski Antoni 6. Matuszak Magdalena 7. Ochniowski Mateusz 8. Pastuszak Hanna 9. Rawska Kornelia 10. Sak Julia 11. Kozyra Bart\u0142omiej &nbsp; &nbsp;<\/p>\n","protected":false},"author":1,"featured_media":0,"parent":0,"menu_order":0,"comment_status":"closed","ping_status":"closed","template":"","meta":{"ngg_post_thumbnail":0,"footnotes":""},"class_list":["post-2094","page","type-page","status-publish","hentry"],"_links":{"self":[{"href":"https:\/\/spczesniki.pl\/index.php\/wp-json\/wp\/v2\/pages\/2094","targetHints":{"allow":["GET"]}}],"collection":[{"href":"https:\/\/spczesniki.pl\/index.php\/wp-json\/wp\/v2\/pages"}],"about":[{"href":"https:\/\/spczesniki.pl\/index.php\/wp-json\/wp\/v2\/types\/page"}],"author":[{"embeddable":true,"href":"https:\/\/spczesniki.pl\/index.php\/wp-json\/wp\/v2\/users\/1"}],"replies":[{"embeddable":true,"href":"https:\/\/spczesniki.pl\/index.php\/wp-json\/wp\/v2\/comments?post=2094"}],"version-history":[{"count":6,"href":"https:\/\/spczesniki.pl\/index.php\/wp-json\/wp\/v2\/pages\/2094\/revisions"}],"predecessor-version":[{"id":45114,"href":"https:\/\/spczesniki.pl\/index.php\/wp-json\/wp\/v2\/pages\/2094\/revisions\/45114"}],"wp:attachment":[{"href":"https:\/\/spczesniki.pl\/index.php\/wp-json\/wp\/v2\/media?parent=2094"}],"curies":[{"name":"wp","href":"https:\/\/api.w.org\/{rel}","templated":true}]}}