{"id":2078,"date":"2022-03-26T07:57:41","date_gmt":"2022-03-26T07:57:41","guid":{"rendered":"https:\/\/spczesniki.pl\/?page_id=2078"},"modified":"2025-09-24T14:18:50","modified_gmt":"2025-09-24T14:18:50","slug":"klasa-7","status":"publish","type":"page","link":"https:\/\/spczesniki.pl\/index.php\/plan-lekcji\/klasa-7\/","title":{"rendered":"Klasa 7"},"content":{"rendered":"<p>&nbsp;<\/p>\n<table style=\"width: 100.222%; height: 531px;\" width=\"0\">\n<tbody>\n<tr style=\"height: 59px;\">\n<td style=\"width: 13.9057%; height: 59px;\" width=\"94\"><strong>&nbsp;<\/strong><\/td>\n<td style=\"width: 18.8634%; text-align: center; height: 59px;\" width=\"104\"><strong>Poniedzia\u0142ek<\/strong><\/td>\n<td style=\"width: 14.0056%; text-align: center; height: 59px;\" width=\"95\"><strong>Wtorek<\/strong><\/td>\n<td style=\"width: 16.1032%; text-align: center; height: 59px;\" width=\"92\"><strong>\u015aroda<\/strong><\/td>\n<td style=\"width: 19.8307%; text-align: center; height: 59px;\" width=\"140\"><strong>Czwartek<\/strong><\/td>\n<td style=\"width: 15.3567%; text-align: center; height: 59px;\" width=\"131\"><strong>Pi\u0105tek<\/strong><\/td>\n<\/tr>\n<tr style=\"height: 59px;\">\n<td style=\"width: 13.9057%; height: 59px;\" width=\"94\"><strong>8:00-8:45<\/strong><\/td>\n<td style=\"width: 18.8634%; height: 59px;\" width=\"104\">J. angielski<\/td>\n<td style=\"width: 14.0056%; height: 59px;\" width=\"95\">W-f<\/td>\n<td style=\"width: 16.1032%; height: 59px;\" width=\"92\">Matematyka<\/td>\n<td style=\"width: 19.8307%; height: 59px;\" width=\"140\">Fizyka<\/td>\n<td style=\"width: 15.3567%; height: 59px;\" width=\"131\">Informatyka<\/td>\n<\/tr>\n<tr style=\"height: 59px;\">\n<td style=\"width: 13.9057%; height: 59px;\" width=\"94\"><strong>8:50-9:35<\/strong><\/td>\n<td style=\"width: 18.8634%; height: 59px;\" width=\"104\">Muzyka<\/td>\n<td style=\"width: 14.0056%; height: 59px;\" width=\"95\">Matematyka<\/td>\n<td style=\"width: 16.1032%; height: 59px;\" width=\"92\">Chemia<\/td>\n<td style=\"width: 19.8307%; height: 59px;\" width=\"140\">Historia<\/td>\n<td style=\"width: 15.3567%; height: 59px;\" width=\"131\">Fizyka<\/td>\n<\/tr>\n<tr style=\"height: 59px;\">\n<td style=\"width: 13.9057%; height: 59px;\" width=\"94\"><strong>9:40-10:25<\/strong><\/td>\n<td style=\"width: 18.8634%; height: 59px;\" width=\"104\">W-f<\/td>\n<td style=\"width: 14.0056%; height: 59px;\" width=\"95\">J. &nbsp;polski<\/td>\n<td style=\"width: 16.1032%; height: 59px;\" width=\"92\">&nbsp;J. &nbsp;polski<\/td>\n<td style=\"width: 19.8307%; height: 59px;\" width=\"140\">&nbsp;J. angielski<\/td>\n<td style=\"width: 15.3567%; height: 59px;\" width=\"131\">Religia<\/td>\n<\/tr>\n<tr style=\"height: 59px;\">\n<td style=\"width: 13.9057%; height: 59px;\" width=\"94\"><strong>10:35-11:20<\/strong><\/td>\n<td style=\"width: 18.8634%; height: 59px;\" width=\"104\">Biologia<\/td>\n<td style=\"width: 14.0056%; height: 59px;\" width=\"95\">Geografia<\/td>\n<td style=\"width: 16.1032%; height: 59px;\" width=\"92\">Chemia<\/td>\n<td style=\"width: 19.8307%; height: 59px;\" width=\"140\">J. &nbsp;polski<\/td>\n<td style=\"width: 15.3567%; height: 59px;\" width=\"131\">J. rosyjski<\/td>\n<\/tr>\n<tr style=\"height: 59px;\">\n<td style=\"width: 13.9057%; height: 59px;\" width=\"94\"><strong>11:35-12:20<\/strong><\/td>\n<td style=\"width: 18.8634%; height: 59px;\" width=\"104\">J. &nbsp;polski<\/td>\n<td style=\"width: 14.0056%; height: 59px;\" width=\"95\">G-w<\/td>\n<td style=\"width: 16.1032%; height: 59px;\" width=\"92\">W-f<\/td>\n<td style=\"width: 19.8307%; height: 59px;\" width=\"140\">Matematyka<\/td>\n<td style=\"width: 15.3567%; height: 59px;\" width=\"131\">J. &nbsp;polski<\/td>\n<\/tr>\n<tr style=\"height: 59px;\">\n<td style=\"width: 13.9057%; height: 59px;\" width=\"94\"><strong>12:25-13:10<\/strong><\/td>\n<td style=\"width: 18.8634%; height: 59px;\" width=\"104\">Historia<\/td>\n<td style=\"width: 14.0056%; height: 59px;\" width=\"95\">J. rosyjski<\/td>\n<td style=\"width: 16.1032%; height: 59px;\" width=\"92\">Biologia<\/td>\n<td style=\"width: 19.8307%; height: 59px;\" width=\"140\">Plastyka<\/td>\n<td style=\"width: 15.3567%; height: 59px;\" width=\"131\">Matematyka<\/td>\n<\/tr>\n<tr style=\"height: 59px;\">\n<td style=\"width: 13.9057%; height: 59px;\" width=\"94\"><strong>13:15-14:00<\/strong><\/td>\n<td style=\"width: 18.8634%; height: 59px;\" width=\"104\">&nbsp;<\/td>\n<td style=\"width: 14.0056%; height: 59px;\" width=\"95\">E-z<\/td>\n<td style=\"width: 16.1032%; height: 59px;\" width=\"92\">J. angielski<\/td>\n<td style=\"width: 19.8307%; height: 59px;\" width=\"140\">Geografia<\/td>\n<td style=\"width: 15.3567%; height: 59px;\" width=\"131\">W-f<\/td>\n<\/tr>\n<tr style=\"height: 59px;\">\n<td style=\"width: 13.9057%; height: 59px;\" width=\"94\"><strong>14:05-14:50<\/strong><\/td>\n<td style=\"width: 18.8634%; height: 59px;\" width=\"104\">&nbsp;<\/td>\n<td style=\"width: 14.0056%; height: 59px;\" width=\"95\">&nbsp;<\/td>\n<td style=\"width: 16.1032%; height: 59px;\" width=\"92\">&nbsp;<\/td>\n<td style=\"width: 19.8307%; height: 59px;\" width=\"140\">&nbsp;<\/td>\n<td style=\"width: 15.3567%; height: 59px;\" width=\"131\">&nbsp;<\/td>\n<\/tr>\n<\/tbody>\n<\/table>\n","protected":false},"excerpt":{"rendered":"<p>&nbsp; &nbsp; Poniedzia\u0142ek Wtorek \u015aroda Czwartek Pi\u0105tek 8:00-8:45 J. angielski W-f Matematyka Fizyka Informatyka 8:50-9:35 Muzyka Matematyka Chemia Historia Fizyka 9:40-10:25 W-f J. &nbsp;polski &nbsp;J. &nbsp;polski &nbsp;J. angielski Religia 10:35-11:20 Biologia Geografia Chemia J. &nbsp;polski J. rosyjski 11:35-12:20 J. &nbsp;polski G-w W-f Matematyka J. &nbsp;polski 12:25-13:10 Historia J. rosyjski Biologia [&hellip;]<\/p>\n","protected":false},"author":1,"featured_media":0,"parent":2011,"menu_order":0,"comment_status":"closed","ping_status":"closed","template":"","meta":{"ngg_post_thumbnail":0,"footnotes":""},"class_list":["post-2078","page","type-page","status-publish","hentry"],"_links":{"self":[{"href":"https:\/\/spczesniki.pl\/index.php\/wp-json\/wp\/v2\/pages\/2078","targetHints":{"allow":["GET"]}}],"collection":[{"href":"https:\/\/spczesniki.pl\/index.php\/wp-json\/wp\/v2\/pages"}],"about":[{"href":"https:\/\/spczesniki.pl\/index.php\/wp-json\/wp\/v2\/types\/page"}],"author":[{"embeddable":true,"href":"https:\/\/spczesniki.pl\/index.php\/wp-json\/wp\/v2\/users\/1"}],"replies":[{"embeddable":true,"href":"https:\/\/spczesniki.pl\/index.php\/wp-json\/wp\/v2\/comments?post=2078"}],"version-history":[{"count":8,"href":"https:\/\/spczesniki.pl\/index.php\/wp-json\/wp\/v2\/pages\/2078\/revisions"}],"predecessor-version":[{"id":52473,"href":"https:\/\/spczesniki.pl\/index.php\/wp-json\/wp\/v2\/pages\/2078\/revisions\/52473"}],"up":[{"embeddable":true,"href":"https:\/\/spczesniki.pl\/index.php\/wp-json\/wp\/v2\/pages\/2011"}],"wp:attachment":[{"href":"https:\/\/spczesniki.pl\/index.php\/wp-json\/wp\/v2\/media?parent=2078"}],"curies":[{"name":"wp","href":"https:\/\/api.w.org\/{rel}","templated":true}]}}